{"id":1494,"date":"2017-02-07T17:37:46","date_gmt":"2017-02-07T14:37:46","guid":{"rendered":"http:\/\/www.woundedfoundation.org\/?page_id=1494"},"modified":"2017-04-05T11:09:03","modified_gmt":"2017-04-05T08:09:03","slug":"programme-de-distribuer-les-repas","status":"publish","type":"page","link":"https:\/\/www.woundedfoundation.org\/?page_id=1494","title":{"rendered":"Programme de distribuer les repas"},"content":{"rendered":"<p dir=\"ltr\">D&#8217;apr\u00e8s l&#8217;emploi qui organise les heures de prendre le repas ( g\u00e9n\u00e9ral et sp\u00e9cial ). sous la supervision m\u00e9dicale. Le programme pr\u00e9sente les 3 repas aux bless\u00e9s chaque jour dans les h\u00f4pitaux, les centres de protection et les hospices des handicap\u00e9s, ces repas sont servis par les grandes cuisines de la soci\u00e9t\u00e9.<\/p>\n<div class=\"better-gallery-container\"><div id=\"gallery-730915478\" class=\"better-gallery  better-gallery-img-publisher-lg\" data-gallery-id=\"730915478\">\n                <div class=\"gallery-title clearfix\">\n                    <h3 class=\"main-title\">Programme de distribuer les repas<\/h3>\n                    <span class=\"prev\"><i class=\"fa fa-angle-right\"><\/i> Prev<\/span>\n                    <span class=\"count\"><i class=\"current\">1<\/i> of <i class=\"total\">4<\/i><\/span>\n                    <span class=\"next\">Next <i class=\"fa fa-angle-left\"><\/i><\/span>\n                <\/div>\n                <div class=\"fotorama\" data-nav=\"thumbs\" data-auto=\"false\" data-ratio=\"16\/7\"><div data-thumb=\"https:\/\/www.woundedfoundation.org\/wp-content\/uploads\/2016\/12\/DSC01050-150x150.jpg\">\n                        <a href=\"https:\/\/www.woundedfoundation.org\/wp-content\/uploads\/2016\/12\/DSC01050.jpg\" class=\"slide-link\" data-not-rel=\"true\">\n                            <img  data-id=\"569\" src=\"https:\/\/www.woundedfoundation.org\/wp-content\/uploads\/2016\/12\/DSC01050.jpg\">\n                        <\/a>\n                    <div class=\"slide-title-wrap\"><\/div><\/div><div data-thumb=\"https:\/\/www.woundedfoundation.org\/wp-content\/uploads\/2016\/12\/DSC00947-150x150.jpg\">\n                        <a href=\"https:\/\/www.woundedfoundation.org\/wp-content\/uploads\/2016\/12\/DSC00947.jpg\" class=\"slide-link\" data-not-rel=\"true\">\n                            <img  data-id=\"570\" src=\"https:\/\/www.woundedfoundation.org\/wp-content\/uploads\/2016\/12\/DSC00947.jpg\">\n                        <\/a>\n                    <div class=\"slide-title-wrap\"><\/div><\/div><div data-thumb=\"https:\/\/www.woundedfoundation.org\/wp-content\/uploads\/2016\/12\/DSC00514-150x150.jpg\">\n                        <a href=\"https:\/\/www.woundedfoundation.org\/wp-content\/uploads\/2016\/12\/DSC00514.jpg\" class=\"slide-link\" data-not-rel=\"true\">\n                            <img  data-id=\"571\" src=\"https:\/\/www.woundedfoundation.org\/wp-content\/uploads\/2016\/12\/DSC00514.jpg\">\n                        <\/a>\n                    <div class=\"slide-title-wrap\"><\/div><\/div><div data-thumb=\"https:\/\/www.woundedfoundation.org\/wp-content\/uploads\/2016\/12\/00125148-150x150.jpg\">\n                        <a href=\"https:\/\/www.woundedfoundation.org\/wp-content\/uploads\/2016\/12\/00125148.jpg\" class=\"slide-link\" data-not-rel=\"true\">\n                            <img  data-id=\"572\" src=\"https:\/\/www.woundedfoundation.org\/wp-content\/uploads\/2016\/12\/00125148.jpg\">\n                        <\/a>\n                    <div class=\"slide-title-wrap\"><\/div><\/div><\/div><\/div><script>var prt_gal_img_730915478 = [\"https:\\\/\\\/www.woundedfoundation.org\\\/wp-content\\\/uploads\\\/2016\\\/12\\\/DSC01050.jpg\",\"https:\\\/\\\/www.woundedfoundation.org\\\/wp-content\\\/uploads\\\/2016\\\/12\\\/DSC00947.jpg\",\"https:\\\/\\\/www.woundedfoundation.org\\\/wp-content\\\/uploads\\\/2016\\\/12\\\/DSC00514.jpg\",\"https:\\\/\\\/www.woundedfoundation.org\\\/wp-content\\\/uploads\\\/2016\\\/12\\\/00125148.jpg\"]; var prt_gal_cap_730915478 = [\"\",\"\",\"\",\"\"]; <\/script><\/div>\n","protected":false},"excerpt":{"rendered":"<p>D&#8217;apr\u00e8s l&#8217;emploi qui organise les heures de prendre le repas ( g\u00e9n\u00e9ral et sp\u00e9cial ). sous la supervision m\u00e9dicale. Le programme pr\u00e9sente les 3 repas aux bless\u00e9s chaque jour dans les h\u00f4pitaux, les centres de protection et les hospices des handicap\u00e9s, ces repas sont servis par les grandes cuisines de la soci\u00e9t\u00e9.<\/p>\n","protected":false},"author":2,"featured_media":0,"parent":0,"menu_order":0,"comment_status":"closed","ping_status":"closed","template":"","meta":[],"aioseo_notices":[],"_links":{"self":[{"href":"https:\/\/www.woundedfoundation.org\/index.php?rest_route=\/wp\/v2\/pages\/1494"}],"collection":[{"href":"https:\/\/www.woundedfoundation.org\/index.php?rest_route=\/wp\/v2\/pages"}],"about":[{"href":"https:\/\/www.woundedfoundation.org\/index.php?rest_route=\/wp\/v2\/types\/page"}],"author":[{"embeddable":true,"href":"https:\/\/www.woundedfoundation.org\/index.php?rest_route=\/wp\/v2\/users\/2"}],"replies":[{"embeddable":true,"href":"https:\/\/www.woundedfoundation.org\/index.php?rest_route=%2Fwp%2Fv2%2Fcomments&post=1494"}],"version-history":[{"count":3,"href":"https:\/\/www.woundedfoundation.org\/index.php?rest_route=\/wp\/v2\/pages\/1494\/revisions"}],"predecessor-version":[{"id":1829,"href":"https:\/\/www.woundedfoundation.org\/index.php?rest_route=\/wp\/v2\/pages\/1494\/revisions\/1829"}],"wp:attachment":[{"href":"https:\/\/www.woundedfoundation.org\/index.php?rest_route=%2Fwp%2Fv2%2Fmedia&parent=1494"}],"curies":[{"name":"wp","href":"https:\/\/api.w.org\/{rel}","templated":true}]}}